e highest common divisor of y and 16?
8
Let x(b) = b**3 + 4*b**2 - 6*b. Let k be x(-5). Calculate the highest common factor of 20 and k.
5
Let t be 12 - 5/((-10)/6). Suppose -5*n + 0*n = 0, -4*n = -5*b + t. Suppose 17 = 2*v + b. Calculate the highest common divisor of v and 14.
7
Let s be 3/(3*2/36). Suppose 8*t - 3*t = -20, 0 = -r - 3*t + 89. Let f = -11 + r. Calculate the greatest common divisor of f and s.
18
Suppose 5*j - 49 = -2*n - n, -4*n = -j - 4. What is the greatest common divisor of j and 32?
8
Let l = 484 + -343. Let k = -81 + l. Suppose -p = 2*h - 332, -h - k = 5*p - 208. Calculate the greatest common factor of h and 24.
24
Let b = -2 + 2. Suppose i - 5*g - 2 = b, -3*i = i - 2*g - 44. Let o = -53 - -89. Calculate the highest common factor of i and o.
12
Let i be (4 - (-3 + 3)) + 0. Let f(m) = 2*m. Let n(w) = 3*w - 3. Let t(o) = -2*f(o) + 2*n(o). Let s be t(4). Calculate the greatest common factor of s and i.
2
Let l be (4/3)/(4/402). Suppose 3*u + 18 - 282 = -2*k, -k - 2*u + l = 0. Suppose 0 = -3*c - 2 + 44. Calculate the highest common factor of k and c.
14
Let r = -8 - -11. Suppose r*j - u - 23 = 11, -4*u - 16 = -2*j. What is the greatest common factor of j and 4?
4
Let f(y) = y**3 + 7*y**2 + 3*y + 3. Let o be f(-3). Suppose 4*w - 8 = -0*w. Let a be 1 - -1 - (-16)/w. What is the greatest common divisor of o and a?
10
Let d be -1 + (-105)/(-3) + 0. What is the highest common factor of 17 and d?
17
Let v(d) = 84*d**2 + d - 1. Let b be 2/4 + (-3)/(-6). Let r be v(b). Calculate the greatest common divisor of 12 and r.
12
Suppose 3*r = -5*a + 4*a, 3*r = -2*a - 3. Let o be (r/5 - 1)*-35. What is the greatest common divisor of 4 and o?
4
Suppose -3*o = -2*d - 1 + 55, 3*o - 90 = -4*d. Let w = 38 - d. Suppose 947 = 4*h + 331. Calculate the greatest common divisor of w and h.
14
Suppose 7*c - 2*c + 50 = 0. Let k be ((-16)/c + -1)*5. Suppose -2*x - x = 4*r - 5, 0 = -k*r - 3*x + 3. What is the greatest common divisor of 18 and r?
2
Suppose 78 = 4*w - s, -w - 4*s + 11 = -17. Calculate the greatest common factor of 60 and w.
20
Suppose 74 = -4*w + 6. Let b = w - -31. Let c = 22 - b. Calculate the highest common divisor of 40 and c.
8
Suppose w = -22 + 39. Suppose 7*r - 2*r = k - 158, -k + 150 = 3*r. What is the greatest common divisor of w and k?
17
Let w(t) = t**3 - t**2 - t + 51. Let u be w(0). Suppose 5*m - 49 = 36. What is the highest common factor of u and m?
17
Suppose -8*g + 380 - 84 = 0. What is the highest common factor of g and 111?
37
Suppose -32 = -5*i + 8. Let s(q) = -10*q. Let j be s(-2). Calculate the greatest common divisor of i and j.
4
Suppose 5*b - 13 + 3 = 0. Suppose -b = -f - f. Suppose 5*h - 44 = -4. Calculate the greatest common factor of f and h.
1
Suppose -640 = -23*y + 18*y. What is the highest common divisor of 16 and y?
16
Suppose 3*o + 37 = q - 10, -90 = -2*q + 2*o. Calculate the highest common factor of q and 110.
22
Let j = -7 - -11. Let q be (100 - (2 - j)) + -3. Suppose -g = -1, -2*p + 5*g = 2*p - 31. Calculate the highest common divisor of q and p.
9
Let j = 50 - 32. What is the greatest common factor of 2 and j?
2
Suppose 0*a - 4*m = -3*a + 259, 8 = -2*m. What is the highest common factor of 9 and a?
9
Suppose 124 = 4*v + 2*o, 3*v + 4*o - 91 = 2*o. Calculate the greatest common divisor of 264 and v.
33
Let g be (-2 - -97) + (0 - -1). What is the greatest common divisor of g and 12?
12
Let p be (0 - (-88)/(-10))*-10. Let i be (-2 - -1)/(6/(-66)). What is the greatest common divisor of i and p?
11
Let p be ((-1)/(-3))/((-2)/(-36)). Let i = -4 + p. Calculate the greatest common divisor of i and 5.
1
Let i be 2 - 1*2/(-2). Let d = 4 + -4. Suppose 0 = -d*h - h + 24. What is the highest common divisor of h and i?
3
Let b = 223 + -390. Let z = 555 + b. Let o be 2/(-5) + z/20. Calculate the highest common divisor of 95 and o.
19
Let n be (10/(-3))/2*-3. Let j be 2/(-4)*(-16)/2. Let h be (-162 - -2)/j*-1. What is the highest common divisor of h and n?
5
Suppose 0 = -2*a + 10 - 4. Suppose -144 - 468 = -5*u - 4*m, -a*u + 354 = -2*m. What is the greatest common factor of u and 15?
15
Let x(m) = -m**2 - 2*m + 9. Let n be x(0). Let s(p) = p - 9. Let h be s(10). Calculate the greatest common divisor of h and n.
1
Let m(p) = -p**3 + p**2 + p + 9. Let d be m(0). What is the highest common factor of d and 36?
9
Let l be (9 + 3)*(-5)/(-2). Let y be (18/(-15))/(1/(-5)). Calculate the highest common divisor of y and l.
6
Let l = 18 - 7. Let r = 35 - l. Calculate the highest common divisor of 72 and r.
24
Let t(j) = j**2 + 3*j. Let n be t(-4). Suppose n*a - 43 = 125. Let m be 28*1 - (2 - 2). What is the highest common factor of m and a?
14
Let d be ((-209)/(-2))/((-2)/(-4)). Suppose -j - 3*t + 28 = 0, j = 3*j - 3*t - 29. What is the highest common divisor of d and j?
19
Let g be (-3)/4 + 140/16. What is the highest common factor of 4 and g?
4
Let i(d) = 3*d**3 - d + 1. Let x = -8 - -13. Let m = x - 4. Let t be i(m). Calculate the greatest common divisor of 3 and t.
3
Let u be -5*1/(0 - 1). Let s = 26 + -14. Suppose y - 64 = -3*y - 4*w, 3*w + s = y. Calculate the highest common divisor of u and y.
5
Let m = 103 + -73. What is the greatest common divisor of 6 and m?
6
Let p = -1 + 6. Suppose 0 = -0*o - p*o + 50. Let r = 261 - 181. Calculate the highest common divisor of r and o.
10
Let p(s) = -s**2 + s + 1. Let u be p(2). Let j be (-5)/u*114/10. What is the highest common divisor of 19 and j?
19
Let o = -7 - -9. Suppose -5*x + o*x - 6 = 3*d, 0 = 2*d + 8. What is the greatest common divisor of x and 22?
2
Let g be 2106/42 + 1/(-7). What is the greatest common factor of 10 and g?
10
Let m(n) = 26*n - 10. Let q(h) = 5*h - 2. Let r(p) = -2*m(p) + 11*q(p). Let o be r(7). Calculate the greatest common factor of 190 and o.
19
Let u = 12 + -7. Suppose 4*j - 12 = -u*a, -a - a = -5*j + 48. What is the highest common factor of 2 and j?
2
Let z(o) = o + 42. Let p be z(-18). Suppose 0 = h + 6 - 42. Calculate the highest common divisor of p and h.
12
Suppose -5*h = 5*t - 35, -2*t + 30 = 5*h + 4. Let c = -3 + h. Suppose c = -2*l + 3. Calculate the highest common factor of l and 1.
1
Suppose -216 = -0*g - 4*g. Suppose 30 - 6 = 4*f. Calculate the highest common factor of f and g.
6
Suppose -2*j + 10 = -0*j. Let z(f) = 10*f**2 + 3*f + 1. Let l be 8/(-20) - (-8)/(-5). Let q be z(l). Calculate the greatest common divisor of j and q.
5
Let p be (-2)/(-14) - 118/(-7). Calculate the highest common factor of p and 153.
17
Let v = -112 - -167. Suppose -4*s - 4*s = -176. What is the highest common divisor of s and v?
11
Let n(a) = a**2 + a + 12. Let v be n(-5). What is the highest common factor of 4 and v?
4
Let j = 12 + -9. Suppose 15 = -j*u, 5*m = -0*m - 5*u + 575. Calculate the highest common divisor of m and 15.
15
Suppose 17 = 3*f - 145. Let c be f/(-24) - 2/(-8). Let k be 4/c - (-3 - 7). What is the greatest common factor of 12 and k?
4
Let u(d) = 5*d**2 - 11*d + 2. Let k be u(5). Suppose 5*o - r - 75 = -6*r, -5*o + 5*r = -105. Calculate the highest common factor of o and k.
18
Suppose d + 11 + 7 = 0. Let x = d - -26. Calculate the highest common divisor of 4 and x.
4
Suppose r - 2*m = -1001, 4*r + m + 4024 = -m. Let h be r/(-18) - 3/(-18). Calculate the greatest common factor of 8 and h.
8
Let w(c) = -c**3 - 5*c**2 - 4*c + 4. Let l be w(-4). Let t be (3 - 2)/((-1)/l). Let z be (t/10)/(2/(-50)). What is the greatest common factor of z and 2?
2
Suppose 3 = k + 2*v + 9, 0 = -3*k + 2*v + 6. Suppose k = 5*m - 6 - 34. Suppose i = 22 - m. Calculate the greatest common factor of i and 154.
14
Suppose -4*k + 15 = 7. Calculate the greatest common factor of k and 14.
2
Let g be ((-1)/(-1))/(10/90). Calculate the highest common factor of g and 99.
9
Suppose 4*l = -25 + 241. Let n(s) = s**2 + 3*s - 1. Let d be n(-4). Let j be 54/d*1/3. What is the highest common divisor of l and j?
6
Let u be (-19)/(-7) - (-14)/49. Suppose u*y - j - 2 = -3*j, 0 = 2*y - 3*j + 3. Let k be (y + -8)*3/(-3). What is the highest common divisor of k and 8?
8
Let r = 681 - 481. Suppose 5*u = -0*u + r. What is the greatest common divisor of 5 and u?
5
Let x = -5 - -10. Suppose -b + x*w + 14 = 2, b = 4*w + 10. Suppose -2*y + 56 = b*y. Calculate the greatest common divisor of 112 and y